{"id":19,"date":"2016-08-01T08:25:27","date_gmt":"2016-08-01T08:25:27","guid":{"rendered":"http:\/\/beira.layerica.sk\/?page_id=19"},"modified":"2019-03-16T17:59:01","modified_gmt":"2019-03-16T17:59:01","slug":"rhodesian-ridgeback","status":"publish","type":"page","link":"https:\/\/beibira.sk\/index.php\/rhodesian-ridgeback\/","title":{"rendered":"Rhodesian Ridgeback"},"content":{"rendered":"<p style=\"text-align: justify;\"><span style=\"color: #000000;\">Rod\u00e9zsky ridgeback je plemeno, ktor\u00e9 bolo vy\u0161\u013eachten\u00e9 v&nbsp;Afrike ako zdatn\u00fd loveck\u00fd, ale aj str\u00e1\u017eny pes. Jeho hlavn\u00fdm plemenn\u00fdm znakom je p\u00e1sik opa\u010dne rast\u00facej srsti na chrbte &#8211; <span style=\"color: #ff9900;\"><a style=\"color: #ff9900;\" href=\"http:\/\/beibira.sk\/index.php\/ridge\/\">ridge<\/a>&nbsp;(angl. hrebe\u0148).&nbsp;<\/span>&nbsp;U\u017e v&nbsp;z\u00e1znamoch cestovate\u013eov z&nbsp;15. storo\u010dia sa spom\u00ednaj\u00fa psy s&nbsp;hrebe\u0148om. V&nbsp;18. storo\u010d\u00ed os\u00edd\u013euj\u00fa ju\u017en\u00e9 pobre\u017eie Afriky najm\u00e4 holandsk\u00ed kolonisti, ktor\u00ed za\u010dali psy kme\u0148a Khoikhoi, Hotent\u00f3tov, s&nbsp;p\u00e1som na chrbte vyu\u017e\u00edva\u0165 a kr\u00ed\u017ei\u0165 so svojimi psami.<\/span><\/p>\n<p class=\"p2\" style=\"text-align: justify;\"><span class=\"s1\" style=\"color: #000000;\">Dom\u00e1ce psy boli zauj\u00edmav\u00e9 pre svoje vlastnosti ako vytrvalos\u0165, obratnos\u0165, odvaha, oddanos\u0165, ale aj preto, lebo zvl\u00e1dali miestne klimatick\u00e9 podmienky. Boli vyu\u017e\u00edvan\u00e9 tak pri love, ako aj na ochranu dobytka.<\/span><\/p>\n<p class=\"p3\" style=\"text-align: justify;\"><span class=\"s1\" style=\"color: #000000;\">K&nbsp;majite\u013eom patril aj reverend <i>Charles Helm, <\/i>ktor\u00e9ho suky o\u010darili cestovate\u013ea a farm\u00e1ra <i>Cornelia Van Rooyena <\/i>nato\u013eko, \u017ee ich sp\u00e1ril so svojimi psami. Tu sa za\u010d\u00edna hist\u00f3ria \u0161\u013eachtenia plemena rod\u00e9zsky ridgeback \u010di africk\u00fd lev\u00ed pes, v&nbsp;za\u010diatkoch naz\u00fdvan\u00e9ho Van Rooyen Dog.<\/span><\/p>\n<p class=\"p4\" style=\"text-align: justify;\"><span class=\"s1\" style=\"color: #000000;\"><span style=\"color: #ff9900;\"><strong><a href=\"https:\/\/www.skchr.sk\/202-zdravie-a-genetika-rr\/1022-genofond-ridgebacka-a-plemena-ktore-sa-na-nom-podielaju\">Rod\u00e9zsky ridgeback m\u00e1 v sebe krv<\/a><\/strong><\/span> greyhoundov, pointrov, teri\u00e9rov a&nbsp;buldogov, ale zrejme aj k\u00f3li\u00ed, bloodhoundov, airdelteri\u00e9rov, dog. P\u00f4vodn\u00fd \u0161tandard zostavil nad\u0161enec plemena F. R. Barnes v&nbsp;roku 1922, Juhoafrick\u00e1 kynologick\u00e1 jednota po viacer\u00fdch \u017eiadostiach ods\u00fahlasila jeho registr\u00e1ciu v roku 1926. Tento \u0161tandard vych\u00e1dzal zo \u0161tandardu dalmat\u00ednca. <\/span><\/p>\n<p class=\"p1\" style=\"text-align: justify;\"><span class=\"s1\" style=\"color: #000000;\">Do Eur\u00f3py sa prv\u00fd ridgeback dostal v&nbsp;roku 1914, do Ameriky o&nbsp;nie\u010do nesk\u00f4r. Av\u0161ak chov ridgebackov sa v&nbsp;Eur\u00f3pe aj v&nbsp;Amerike rozvinul a\u017e po druhej svetovej vojne. FCI uznala plemeno rhodesian ridgeback a\u017e v&nbsp;roku 1996 s&nbsp;\u010d\u00edslom <span style=\"color: #ff9900;\"><strong><a style=\"color: #ff9900;\" href=\"http:\/\/www.skchr.sk\/index.php\/o-plemene-rr\">\u0161tandardu 146<\/a><\/strong><\/span>.&nbsp;<\/span><\/p>\n<div id='gallery-1' class='gallery galleryid-19 gallery-columns-1 gallery-size-large'><figure class='gallery-item'>\n\t\t\t<div class='gallery-icon landscape'>\n\t\t\t\t<a href='https:\/\/beibira.sk\/index.php\/rhodesian-ridgeback\/257811_2073779451240_4675704_o\/'><img loading=\"lazy\" decoding=\"async\" width=\"800\" height=\"533\" src=\"https:\/\/beibira.sk\/wp-content\/uploads\/2016\/08\/257811_2073779451240_4675704_o.jpg\" class=\"attachment-large size-large\" alt=\"\" srcset=\"https:\/\/beibira.sk\/wp-content\/uploads\/2016\/08\/257811_2073779451240_4675704_o.jpg 800w, https:\/\/beibira.sk\/wp-content\/uploads\/2016\/08\/257811_2073779451240_4675704_o-300x200.jpg 300w, https:\/\/beibira.sk\/wp-content\/uploads\/2016\/08\/257811_2073779451240_4675704_o-768x512.jpg 768w, https:\/\/beibira.sk\/wp-content\/uploads\/2016\/08\/257811_2073779451240_4675704_o-405x270.jpg 405w\" sizes=\"auto, (max-width: 800px) 100vw, 800px\" \/><\/a>\n\t\t\t<\/div><\/figure><figure class='gallery-item'>\n\t\t\t<div class='gallery-icon landscape'>\n\t\t\t\t<a href='https:\/\/beibira.sk\/index.php\/rhodesian-ridgeback\/artan-asunta-ebira-beira\/'><img loading=\"lazy\" decoding=\"async\" width=\"960\" height=\"720\" src=\"https:\/\/beibira.sk\/wp-content\/uploads\/2016\/08\/Artan-Asunta-Ebira-Beira.jpg\" class=\"attachment-large size-large\" alt=\"\" srcset=\"https:\/\/beibira.sk\/wp-content\/uploads\/2016\/08\/Artan-Asunta-Ebira-Beira.jpg 960w, https:\/\/beibira.sk\/wp-content\/uploads\/2016\/08\/Artan-Asunta-Ebira-Beira-300x225.jpg 300w, https:\/\/beibira.sk\/wp-content\/uploads\/2016\/08\/Artan-Asunta-Ebira-Beira-768x576.jpg 768w, https:\/\/beibira.sk\/wp-content\/uploads\/2016\/08\/Artan-Asunta-Ebira-Beira-360x270.jpg 360w\" sizes=\"auto, (max-width: 960px) 100vw, 960px\" \/><\/a>\n\t\t\t<\/div><\/figure><figure class='gallery-item'>\n\t\t\t<div class='gallery-icon landscape'>\n\t\t\t\t<a href='https:\/\/beibira.sk\/index.php\/rhodesian-ridgeback\/asunta-a-artan\/'><img loading=\"lazy\" decoding=\"async\" width=\"960\" height=\"640\" src=\"https:\/\/beibira.sk\/wp-content\/uploads\/2016\/08\/Asunta-a-Artan-.jpg\" class=\"attachment-large size-large\" alt=\"\" srcset=\"https:\/\/beibira.sk\/wp-content\/uploads\/2016\/08\/Asunta-a-Artan-.jpg 960w, https:\/\/beibira.sk\/wp-content\/uploads\/2016\/08\/Asunta-a-Artan--300x200.jpg 300w, https:\/\/beibira.sk\/wp-content\/uploads\/2016\/08\/Asunta-a-Artan--768x512.jpg 768w, https:\/\/beibira.sk\/wp-content\/uploads\/2016\/08\/Asunta-a-Artan--405x270.jpg 405w\" sizes=\"auto, (max-width: 960px) 100vw, 960px\" \/><\/a>\n\t\t\t<\/div><\/figure><figure class='gallery-item'>\n\t\t\t<div class='gallery-icon landscape'>\n\t\t\t\t<a href='https:\/\/beibira.sk\/index.php\/rhodesian-ridgeback\/img_3270-copy\/'><img loading=\"lazy\" decoding=\"async\" width=\"1024\" height=\"683\" src=\"https:\/\/beibira.sk\/wp-content\/uploads\/2016\/08\/IMG_3270-copy-1024x683.jpg\" class=\"attachment-large size-large\" alt=\"\" srcset=\"https:\/\/beibira.sk\/wp-content\/uploads\/2016\/08\/IMG_3270-copy-1024x683.jpg 1024w, https:\/\/beibira.sk\/wp-content\/uploads\/2016\/08\/IMG_3270-copy-300x200.jpg 300w, https:\/\/beibira.sk\/wp-content\/uploads\/2016\/08\/IMG_3270-copy-768x512.jpg 768w, https:\/\/beibira.sk\/wp-content\/uploads\/2016\/08\/IMG_3270-copy-405x270.jpg 405w\" sizes=\"auto, (max-width: 1024px) 100vw, 1024px\" \/><\/a>\n\t\t\t<\/div><\/figure><figure class='gallery-item'>\n\t\t\t<div class='gallery-icon landscape'>\n\t\t\t\t<a href='https:\/\/beibira.sk\/index.php\/kreativny-kutik\/12813999_10208975036760287_6934071813263383645_n\/'><img loading=\"lazy\" decoding=\"async\" width=\"800\" height=\"533\" src=\"https:\/\/beibira.sk\/wp-content\/uploads\/2016\/09\/12813999_10208975036760287_6934071813263383645_n.jpg\" class=\"attachment-large size-large\" alt=\"\" srcset=\"https:\/\/beibira.sk\/wp-content\/uploads\/2016\/09\/12813999_10208975036760287_6934071813263383645_n.jpg 800w, https:\/\/beibira.sk\/wp-content\/uploads\/2016\/09\/12813999_10208975036760287_6934071813263383645_n-300x200.jpg 300w, https:\/\/beibira.sk\/wp-content\/uploads\/2016\/09\/12813999_10208975036760287_6934071813263383645_n-768x512.jpg 768w, https:\/\/beibira.sk\/wp-content\/uploads\/2016\/09\/12813999_10208975036760287_6934071813263383645_n-405x270.jpg 405w\" sizes=\"auto, (max-width: 800px) 100vw, 800px\" \/><\/a>\n\t\t\t<\/div><\/figure><figure class='gallery-item'>\n\t\t\t<div class='gallery-icon landscape'>\n\t\t\t\t<a href='https:\/\/beibira.sk\/index.php\/rhodesian-ridgeback\/263381_2255553435476_6450497_n\/'><img loading=\"lazy\" decoding=\"async\" width=\"720\" height=\"640\" src=\"https:\/\/beibira.sk\/wp-content\/uploads\/2016\/08\/263381_2255553435476_6450497_n.jpg\" class=\"attachment-large size-large\" alt=\"\" srcset=\"https:\/\/beibira.sk\/wp-content\/uploads\/2016\/08\/263381_2255553435476_6450497_n.jpg 720w, https:\/\/beibira.sk\/wp-content\/uploads\/2016\/08\/263381_2255553435476_6450497_n-300x267.jpg 300w, https:\/\/beibira.sk\/wp-content\/uploads\/2016\/08\/263381_2255553435476_6450497_n-304x270.jpg 304w\" sizes=\"auto, (max-width: 720px) 100vw, 720px\" \/><\/a>\n\t\t\t<\/div><\/figure>\n\t\t<\/div>\n\n<p class=\"p1\" style=\"text-align: justify;\">&nbsp;<\/p>\n","protected":false},"excerpt":{"rendered":"<p>Rod\u00e9zsky ridgeback je plemeno, ktor\u00e9 bolo vy\u0161\u013eachten\u00e9 v&nbsp;Afrike ako zdatn\u00fd loveck\u00fd, ale aj str\u00e1\u017eny pes. Jeho hlavn\u00fdm plemenn\u00fdm znakom je p\u00e1sik opa\u010dne rast\u00facej srsti na chrbte &#8211; ridge&nbsp;(angl. hrebe\u0148).&nbsp;&nbsp;U\u017e v&nbsp;z\u00e1znamoch cestovate\u013eov z&nbsp;15. storo\u010dia sa spom\u00ednaj\u00fa psy s&nbsp;hrebe\u0148om. V&nbsp;18. storo\u010d\u00ed os\u00edd\u013euj\u00fa ju\u017en\u00e9 pobre\u017eie Afriky najm\u00e4 holandsk\u00ed kolonisti, ktor\u00ed za\u010dali psy kme\u0148a Khoikhoi, Hotent\u00f3tov, s&nbsp;p\u00e1som na chrbte [&hellip;]<\/p>\n","protected":false},"author":1,"featured_media":0,"parent":0,"menu_order":0,"comment_status":"closed","ping_status":"closed","template":"","meta":{"ngg_post_thumbnail":0,"footnotes":""},"class_list":["post-19","page","type-page","status-publish","hentry"],"_links":{"self":[{"href":"https:\/\/beibira.sk\/index.php\/wp-json\/wp\/v2\/pages\/19","targetHints":{"allow":["GET"]}}],"collection":[{"href":"https:\/\/beibira.sk\/index.php\/wp-json\/wp\/v2\/pages"}],"about":[{"href":"https:\/\/beibira.sk\/index.php\/wp-json\/wp\/v2\/types\/page"}],"author":[{"embeddable":true,"href":"https:\/\/beibira.sk\/index.php\/wp-json\/wp\/v2\/users\/1"}],"replies":[{"embeddable":true,"href":"https:\/\/beibira.sk\/index.php\/wp-json\/wp\/v2\/comments?post=19"}],"version-history":[{"count":25,"href":"https:\/\/beibira.sk\/index.php\/wp-json\/wp\/v2\/pages\/19\/revisions"}],"predecessor-version":[{"id":3044,"href":"https:\/\/beibira.sk\/index.php\/wp-json\/wp\/v2\/pages\/19\/revisions\/3044"}],"wp:attachment":[{"href":"https:\/\/beibira.sk\/index.php\/wp-json\/wp\/v2\/media?parent=19"}],"curies":[{"name":"wp","href":"https:\/\/api.w.org\/{rel}","templated":true}]}}